 a composite number?
False
Is 467368189 a composite number?
True
Is 7769091899 a prime number?
True
Is 1150915258 a composite number?
True
Is 1511804949 a prime number?
False
Is 135341747139 a composite number?
True
Is 10707838327 composite?
True
Is 1579652909 a composite number?
False
Is 27633810683 prime?
False
Is 1596349281 a prime number?
False
Is 15439979279 a prime number?
False
Is 1858118485 prime?
False
Is 41325113479 a composite number?
True
Is 1504526123 prime?
False
Is 7702956271 a composite number?
True
Is 9425240969 composite?
False
Is 7349925301 composite?
False
Is 9852125191 composite?
True
Is 1026689277 prime?
False
Is 2933240974 a prime number?
False
Is 10412122627 a prime number?
False
Is 8666327431 a prime number?
True
Is 75725359 prime?
True
Is 2492430943 prime?
False
Is 741966899 a composite number?
False
Is 2266457581 prime?
False
Is 577696123 a prime number?
True
Is 101585551261 prime?
True
Is 2084937509 a composite number?
False
Is 631151501 a composite number?
True
Is 235944357853 prime?
True
Is 15485904835 composite?
True
Is 247079741 composite?
False
Is 44990707 composite?
False
Is 102004751 a composite number?
True
Is 1048919171 prime?
True
Is 253205261 composite?
True
Is 6477951245 composite?
True
Is 50050250753 composite?
False
Is 10158335081 a composite number?
False
Is 3705370243 composite?
True
Is 3029541091 a composite number?
False
Is 6351864889 a composite number?
False
Is 42098375933 composite?
True
Is 68505251 prime?
True
Is 20449814327 a prime number?
True
Is 263910377903 a prime number?
True
Is 10229534879 a prime number?
True
Is 152365778779 a composite number?
False
Is 4228058477 composite?
True
Is 60729884923 a prime number?
False
Is 648066959 a composite number?
False
Is 2225959 a composite number?
False
Is 5445982879 prime?
True
Is 281154997 a prime number?
False
Is 3719885977 prime?
True
Is 3779280067 a composite number?
True
Is 123411623 a composite number?
False
Is 3559647149 a composite number?
True
Is 7824920107 a prime number?
True
Is 6942783983 a prime number?
True
Is 4481647631 a composite number?
False
Is 58268473141 prime?
False
Is 214704241 composite?
True
Is 14603972849 composite?
True
Is 17901994063 prime?
True
Is 468297131 prime?
False
Is 53372481577 a composite number?
False
Is 108367458917 prime?
False
Is 47074252739 a composite number?
False
Is 15284192338 a composite number?
True
Is 1601366489 a composite number?
False
Is 17812201934 prime?
False
Is 820931707 a composite number?
False
Is 786580681 prime?
True
Is 5664132059 a composite number?
False
Is 803515667 a composite number?
False
Is 18063237301 a composite number?
False
Is 815544439 a prime number?
True
Is 1816305319 a composite number?
False
Is 8496732527 a composite number?
True
Is 4975298677 prime?
True
Is 6070185851 prime?
True
Is 547783859 a prime number?
False
Is 28621647251 a prime number?
True
Is 4485137695 composite?
True
Is 19636820443 composite?
False
Is 988720303 prime?
False
Is 27265321 composite?
True
Is 24945759479 a prime number?
False
Is 3404301647 composite?
True
Is 680813411 a prime number?
True
Is 472526984287 prime?
True
Is 2248225159 prime?
False
Is 3555865627 prime?
True
Is 18074246429 prime?
True
Is 906442123 composite?
False
Is 9875052503 composite?
False
Is 65452103 a prime number?
True
Is 3444444569 prime?
True
Is 757271089 a composite number?
False
Is 30234023383 composite?
False
Is 36049724489 composite?
False
Is 45414943793 composite?
True
Is 5092607539 a prime number?
True
Is 19743916033 a composite number?
False
Is 171348296569 composite?
False
Is 5554072087 a composite number?
True
Is 66931722041 a prime number?
False
Is 2427144539 a prime number?
True
Is 7173029 a composite number?
False
Is 6336211471 prime?
True
Is 2553625579 composite?
False
Is 1108508573 prime?
True
Is 15860128369 a composite number?
False
Is 30203344421 composite?
True
Is 266827909 a composite number?
False
Is 204419681 composite?
False
Is 666337717 a prime number?
False
Is 2784884023 composite?
False
Is 1789485311 composite?
False
Is 725758247 a composite number?
True
Is 26728476343 a prime number?
False
Is 299362261 prime?
False
Is 103371413 prime?
False
Is 36691366999 composite?
True
Is 2452922305 composite?
True
Is 22986791561 composite?
False
Is 137211353813 composite?
False
Is 5083395637 a prime number?
False
Is 686362601 prime?
True
Is 1206165827 prime?
False
Is 5294773979 a prime number?
False
Is 132651613 prime?
True
Is 1845433693 a composite number?
False
Is 314787043 a composite number?
False
Is 130421749 prime?
False
Is 17462296303 a composite number?
True
Is 43876767551 a composite number?
False
Is 35528010731 a composite number?
True
Is 52968842497 composite?
False
Is 27086029339 a prime number?
False
Is 1018066367 prime?
False
Is 3213237193 composite?
True
Is 4673419981 prime?
True
Is 29071941263 a composite number?
False
Is 44561541161 prime?
True
Is 1713266663 prime?
False
Is 430474511 composite?
True
Is 2604016637 composite?
False
Is 2113092101 a composite number?
False
Is 50174940883 prime?
False
Is 1771386583 a prime number?
True
Is 9952249763 prime?
True
Is 14801735023 composite?
True
Is 2297143319 a composite number?
False
Is 4530197131 a composite number?
True
Is 5018967853 a prime number?
False
Is 1126555511 prime?
True
Is 177071789651 a composite number?
True
Is 788812921 a prime number?
False
Is 56713403989 composite?
True
Is 4642723499 prime?
False
Is 23897655371 composite?
False
Is 24772672699 prime?
True
Is 36317641 a composite number?
False
Is 189244189 a composite number?
True
Is 21728797 a prime number?
False
Is 246194227 prime?
True
Is 4704249983 a prime number?
True
Is 195896006737 composite?
False
Is 1667815663 prime?
False
Is 19937612447 composite?
False
Is 6410498987 a prime number?
False
Is 148367613749 composite?
False
Is 4866421177 a composite number?
True
Is 10262201491 composite?
True
Is 23022552281 a prime number?
True
Is 5263324909 a prime number?
True
Is 716507579 prime?
True
Is 504821663 composite?
True
Is 23514794447 a prime number?
False
Is 1311090959 prime?
False
Is 121011176411 prime?
False
Is 3736133827 a prime number?
True
Is 9035202893 a composite number?
False
Is 5824689247 a composite number?
True
Is 842088451 composite?
False
Is 323872381 composite?
True
Is 5609410519 a composite number?
False
Is 209519291 a prime number?
True
Is 2773568087 composite?
False
Is 376453577 a composite number?
True
Is 46723044835 a prime number?
False
Is 2438435939 prime?
True
Is 136721879207 prime?
False
Is 20385623779 a composite number?
True
Is 9840843379 a prime number?
True
Is 2567993651 composite?
True
Is 759921589 composite?
True
Is 81887987143 prime?
False
Is 993329719 prime?
True
Is 44436593863 a composite number?
True
Is 1023263011 composite?
True
Is 5141181203 prime?
False
Is 1141991111 a prime number?
False
Is 7742581279 prime?
False
Is 10383017933 a prime number?
True
Is 7429387139 a prime number?
False
Is 4459023479 a prime number?
False
Is 498187502 a composite number?
True
Is 647401487 a composite number?
False
Is 2564841361 prime?
False
Is 289181371 a prime number?
True
Is 48596359 a composite number?
True
Is 563461057 composite?
False
Is 549995023 a composite number?
True
Is 43909494841 composite?
False
Is 432765899 composite?
False
Is 1628351431 composite?
True
Is 33661160363 prime?
True
Is 526944791 composite?
False
Is 10861108513 prime?
True
Is 63429867779 composite?
False
Is 2763784831 a composite number?
False
Is 328250978447 prime?
False
Is 70043611007 a prime number?
False
Is 166050644181 a composite number?
True
Is 145812141967 a composite number?
False
Is 13103333167 a prime number?
True
Is 14943485761 a prime number?
True
Is 21269498093 a prime number?
True
Is 4124926009 a prime number?
True
Is 1744379999 a prime number?
False
Is 39492377779 a composite number?
True
Is 152039471 a prime number?
False
Is 13614829 prime?
False
Is 6646403531 a prime number?
False
Is 30532261427 composite?
False
Is 1246412789 composite?
False
Is 8626869323 a composite number?
False
Is 610361027 prime?
False
Is 1139374891 prime?
False
Is 261439177 prime?
True
Is 6414796447 composite?
False
Is 9256530511 composite?
False
Is 4365301727 a prime number?
True
Is 752090029 a prime 